lculate the highest common factor of 9 and y.
3
Suppose f - 3*n = 6, 0 = 4*f + n - 61 - 15. Suppose -4*k + f + 10 = 0. Suppose x = 9*x - 56. Calculate the greatest common factor of k and x.
7
Let q be (-32)/(-18) - 4/(-18). Suppose 0 = -q*u - 0*u. Suppose 2 = 2*h + 5*x + 7, 2*h - x - 13 = u. Calculate the greatest common divisor of h and 25.
5
Suppose -4*d - z = 29, -2*d + 25 = -4*d + 3*z. Let o be d/(-3)*42/8. Calculate the highest common divisor of o and 14.
14
Suppose -6*t - 10 = 4*t. Let z(g) = -46*g. Let n(l) = l. Let s(b) = -3*n(b) + z(b). Let i be s(t). Calculate the greatest common divisor of i and 7.
7
Let g(n) = -n**2 - 8*n - 3. Let i be g(-6). What is the greatest common factor of 18 and i?
9
Let k(q) = -3*q**3 - 3*q - 2. Let m be k(-2). Let g(a) = 17*a**2 + 4*a + 1. Let y be g(-1). What is the highest common divisor of m and y?
14
Suppose -5*i = -5*w - 5, -w - 1 = -5*i + 8. Let h be ((-8)/(-16))/(i/84). What is the highest common factor of h and 147?
21
Suppose -5*s = 6*h - h, -2*h = 3*s - 3. Let m = h + 9. Calculate the greatest common divisor of 9 and m.
3
Suppose 5*y - s = 3*y + 82, -3*y + 2*s = -123. What is the greatest common factor of y and 369?
41
Let w(m) = m**3 + 15*m**2 + 13*m + 6. Let c be w(-14). Calculate the highest common factor of c and 40.
20
Suppose 5*j - 305 + 95 = 0. What is the highest common divisor of j and 6?
6
Let d(g) = -g**2 + 5*g - 3. Let i be d(3). Suppose i*j - 72 = -j. Calculate the greatest common factor of 12 and j.
6
Suppose 130 = 2*u + 3*u. Suppose -p = 15 + u. Let k = -23 - p. What is the greatest common divisor of k and 108?
18
Let u = 25 - 15. Suppose -5*d - w = -100, -2*d + 5*w + 40 = 2*w. What is the highest common factor of u and d?
10
Let c be (-1)/(1/(-3))*3. Suppose -5*f = j - 26, 3*f - 3*j - 30 = -0*f. Calculate the highest common factor of c and f.
3
Suppose -6*o - 2*j + 65 = -o, -4*o + 52 = 3*j. Calculate the greatest common divisor of o and 117.
13
Let y(b) = -2*b + 12. Let u be y(-8). What is the highest common factor of u and 42?
14
Suppose 0*g + a + 20 = 2*g, -3*g = 5*a - 4. Suppose -y = 3*y - 128. What is the highest common factor of g and y?
8
Let r be (-1)/(-3 + (-249)/(-84)). Let t = r - 10. What is the greatest common divisor of t and 18?
18
Let f be 78/7 - (-7)/(-49). What is the greatest common divisor of f and 11?
11
Let n be (-9)/(18/4) - (1 + -16). Suppose 3 + 153 = 4*f. Calculate the greatest common divisor of f and n.
13
Let m = 39 - 216. Let u be m/(-2) + 6/4. Calculate the greatest common factor of u and 10.
10
Suppose 0 = m - 2, 58 = 4*p + 2*m - m. What is the greatest common divisor of 7 and p?
7
Let k be (2 + (-7)/3)*-3. What is the greatest common divisor of k and 4?
1
Let i(f) = f**3 + 2*f + 6. Let n be i(3). Calculate the highest common factor of 26 and n.
13
Suppose 0 = 3*p - 4*n - 2 - 21, -2*n + 11 = 3*p. Calculate the greatest common divisor of p and 20.
5
Let v be -2*3/(-6) - -8. Suppose 4*o = -o + 15. Calculate the highest common factor of v and o.
3
Let d = -8 - -23. Calculate the greatest common factor of 45 and d.
15
Let x = -20 + 36. Calculate the highest common factor of x and 2.
2
Suppose a = -5*k + 452, 0 = 5*k - 0*k + 3*a - 456. What is the greatest common factor of k and 10?
10
Let w = 0 + 7. Calculate the greatest common factor of 28 and w.
7
Let h = 130 - 13. What is the greatest common divisor of 13 and h?
13
Let b(t) = 120*t**2 - 1. Let r be b(1). Calculate the greatest common divisor of 17 and r.
17
Let o = -85 + 97. What is the greatest common factor of o and 60?
12
Let s(t) = 17*t - 1. Let l be s(1). Suppose 3*n - l = 2*n. What is the highest common factor of n and 4?
4
Let n(l) = l**2 + l - 8. Let r be n(3). What is the highest common divisor of r and 64?
4
Let j(g) = 9*g. Let y be j(1). Suppose -3*a - w + 11 = 4*w, -3*a + y = 3*w. What is the greatest common divisor of 4 and a?
2
Suppose 0 = 5*l - 8*l + 36. Suppose -480 = 3*w + 2*w. Let g be w/14*(-14)/1. What is the greatest common factor of l and g?
12
Let w be 260/12 - 4 - (-2)/6. What is the highest common divisor of w and 2?
2
Let u(t) = -28*t. Let b be u(-2). Let g(p) = -p**3 + 6*p**2 + 2*p - 4. Let z be g(6). What is the highest common divisor of b and z?
8
Suppose 12*d - 112 = 8*d. Suppose k - q = -6*q + d, -5*k - q = -92. Calculate the greatest common factor of 72 and k.
18
Let y be (0 - -1) + -2 + 314/2. Calculate the highest common divisor of 52 and y.
52
Let p(i) = i**3 - 2*i**2 - 4*i - 4. Let g be p(5). Calculate the highest common divisor of 34 and g.
17
Let g be 372/(-11) + (-2)/11. Let t be (-1)/4 - g/8. Suppose 2*m - 2*v - 34 = 0, t*m - 2*v + 1 = 59. What is the highest common divisor of 12 and m?
12
Let b(g) = g**3 + 4*g**2 - 6*g + 5. Let c be b(-5). What is the highest common divisor of 5 and c?
5
Suppose -2*y + 75 = -69. What is the greatest common factor of y and 18?
18
Let t be (-2)/4 - 145/10. Let v be (-544)/(-10) - (-6)/t. Suppose 4*k - v - 386 = 0. Calculate the greatest common factor of 10 and k.
10
Let u = -19 + 159. Suppose 0 = -5*z - 5*w + 75, -70 = -4*z + 2*w - 4*w. What is the greatest common factor of u and z?
20
Let t(h) = -h + 11. Let k be t(8). Let p(w) = 2*w**3 + 2*w**2 - 3*w. Let j be p(2). Calculate the highest common divisor of k and j.
3
Suppose 0 = -3*i + 2*k + 3*k + 159, -3*i + 156 = -4*k. What is the highest common divisor of i and 36?
12
Let j be (-4)/10 - (-67)/5. Let v(s) = 25*s + 2. Let p be v(-3). Let q = p + 112. What is the highest common divisor of q and j?
13
Let a = 6 - 3. Suppose -5*h + 2*f = -13, -a*h + 4*f + 3 + 2 = 0. Let d be h/((-3)/2) - -11. Calculate the highest common factor of 99 and d.
9
Suppose 0*h - h - 2 = 0. Let y be 20*(h - -2 - -1). Calculate the highest common divisor of y and 10.
10
Suppose 0 = -0*g + g - 126. What is the greatest common divisor of g and 14?
14
Let j(v) = -3*v - 15. Let d be j(-11). Calculate the greatest common factor of 198 and d.
18
Let v(n) = -2*n**3 + 8*n**2 + n - 3. Let q be v(4). Calculate the greatest common divisor of q and 11.
1
Let q be (20/(-12))/(2/(-48)). Let i = 6 - 1. Suppose i*d + 31 - 81 = 0. Calculate the highest common factor of d and q.
10
Suppose 2*b - 5*b + 48 = 0. Suppose b = -5*h + 156. Calculate the greatest common factor of 4 and h.
4
Let p be 1 + (-2)/(-2) + 108 + 2. Calculate the highest common factor of 14 and p.
14
Let c be (12/(-8))/(6/(-56)). Calculate the greatest common divisor of c and 154.
14
Suppose 0 = -3*u + 5*a + 1462, -6*a + 3*a = 5*u - 2448. Let x = 157 - u. Let p = -156 - x. What is the greatest common divisor of 16 and p?
16
Let r(l) = -l**2 - 7*l. Let i be r(-5). Let q(m) = i*m**2 + 4*m - 4*m. Let g be q(-2). What is the greatest common factor of 10 and g?
10
Suppose 0*p = 2*w + p - 21, -2*w - 4*p + 30 = 0. What is the greatest common factor of w and 36?
9
Let y be (0 - 60)*(-10)/20. Calculate the greatest common divisor of 12 and y.
6
Suppose 0 = 2*q + q + 15. Let b(z) = z**3 + 4*z**2 - 8*z - 4. Let u be b(q). Calculate the greatest common divisor of u and 88.
11
Suppose j - 4 - 31 = 0. Suppose -4*g - 74 = -5*p - 24, -85 = -5*p - 3*g. What is the greatest common factor of p and j?
7
Let a be (-1)/(-6) - ((-5313)/(-18))/(-11). Calculate the highest common divisor of a and 3.
3
Suppose r = -6*r + 21. Calculate the greatest common factor of r and 27.
3
Let n be 3/4 + 552/32. Calculate the greatest common divisor of n and 18.
18
Suppose 5*i - i = 4. What is the highest common factor of i and 5?
1
Let t = 93 + -73. Calculate the greatest common factor of 60 and t.
20
Let x = -3 + 18. What is the highest common factor of 75 and x?
15
Let u = -79 + 42. Let l = u + 163. Calculate the highest common divisor of 14 and l.
14
Let m(t) = -t**2 - 4*t - 1. Let h be m(-3). Suppose j - 4*j = 4*a - 24, a = h*j + 17. Let c be -2*(a/6)/(-3). Calculate the greatest common factor of 8 and c.
1
Let r(o) = 8*o**2 - 5*o + 4. Let z = -12 - -16. Let s be r(z). Let y = -6 - -22. Calculate the greatest common divisor of y and s.
16
Let z be (-258)/(-18) + 1/(-3). Let l(m) = -m**3 - 5*m**2 + 7*m - 3. Let u be l(-7). Let n = u + -25. Calculate the greatest common divisor of n and z.
7
Let h be ((-28)/3)/((-16)/24). What is the greatest common factor of 56 and h?
14
Let i be ((-7)